{"id":85,"date":"2012-06-26T21:30:43","date_gmt":"2012-06-26T19:30:43","guid":{"rendered":"http:\/\/sanihaus.ch\/wiki\/?page_id=85"},"modified":"2020-12-05T23:38:48","modified_gmt":"2020-12-05T21:38:48","slug":"thrombose","status":"publish","type":"page","link":"https:\/\/sanihaus.ch\/wiki\/gefasse\/venen\/thrombose\/","title":{"rendered":"Thrombose"},"content":{"rendered":"\n<figure class=\"wp-block-image size-large\"><img loading=\"lazy\" decoding=\"async\" width=\"760\" height=\"250\" src=\"https:\/\/sanihaus.ch\/wiki\/wp-content\/uploads\/2020\/12\/Thrombose.jpg\" alt=\"Thrombose\" class=\"wp-image-4481\" srcset=\"https:\/\/sanihaus.ch\/wiki\/wp-content\/uploads\/2020\/12\/Thrombose.jpg 760w, https:\/\/sanihaus.ch\/wiki\/wp-content\/uploads\/2020\/12\/Thrombose-300x99.jpg 300w\" sizes=\"auto, (max-width: 760px) 100vw, 760px\" \/><\/figure>\n\n\n\n<p><strong>Thrombose und ihre Symptome<\/strong><\/p>\n\n\n\n<p>Je schneller eine tiefe <strong>Venenthrombose<\/strong> erkannt und richtig behandelt wird, desto gr\u00f6sser die Wahrscheinlichkeit, dass eine Abheilung ohne Sp\u00e4tfolgen erfolgt. Theoretisch ist es daher richtig, die Symptome einer Thrombose zu kennen, um sofort reagieren zu k\u00f6nnen. Leider gibt es aber keine eindeutigen Merkmale und Zeichen, die eine Thrombose beweisen. Je nach Lage und Ausdehnung der Thrombose k\u00f6nnen die Symptome sehr unterschiedlich sein, viele Thrombosen laufen symptomarm ab und werden von den Betroffenen gar nicht bemerkt. Das heisst aber nicht, dass deswegen eine Thrombose ungef\u00e4hrlich w\u00e4re. Besonders fatal ist die Tatsache, dass oft schwere, im sp\u00e4teren Verlauf zu einer lebensgef\u00e4hrlichen oder gar t\u00f6dlichen Lungenembolie f\u00fchrende Thrombosen fast symptomfrei verlaufen und dadurch prim\u00e4r unentdeckt bleiben. Immerhin ist es hilfreich, die geh\u00e4uft auftretenden Anzeichen einer tiefen Venenthrombose zu kennen.<\/p>\n\n\n\n<figure class=\"wp-block-image\"><a href=\"\/3-kompressionsstrumpfe\"><img loading=\"lazy\" decoding=\"async\" width=\"700\" height=\"260\" src=\"\/wiki\/wp-content\/uploads\/2012\/06\/Kompressionsstr\u00fcmpfe.jpg\" alt=\"Kompressionsstr\u00fcmpfe\" class=\"wp-image-2050\" srcset=\"https:\/\/sanihaus.ch\/wiki\/wp-content\/uploads\/2012\/06\/Kompressionsstr\u00fcmpfe.jpg 700w, https:\/\/sanihaus.ch\/wiki\/wp-content\/uploads\/2012\/06\/Kompressionsstr\u00fcmpfe-300x111.jpg 300w\" sizes=\"auto, (max-width: 700px) 100vw, 700px\" \/><\/a><\/figure>\n\n\n\n<h3 class=\"wp-block-heading\">H\u00e4ufig auftretende Anzeichen<\/h3>\n\n\n\n<ul class=\"wp-block-list\"><li>Muskelkaterartige Schmerzen im Wadenbereich oder im Oberschenkelbereich<\/li><li>Zunahme der Beschwerden im Stehen und an der W\u00e4rme<\/li><li>Linderung der Beschwerden in Hochlagerung und in der K\u00e4lte<\/li><li>W\u00e4rmegef\u00fchl \/ effektive \u00dcberw\u00e4rmung<\/li><li>Spannungsgef\u00fchl, Berstungsgef\u00fchl<\/li><li>Schwellung<\/li><li>Hautver\u00e4nderungen: R\u00f6tung, evtl. Blauverf\u00e4rbung, gespannte, gl\u00e4nzende Haut<\/li><li>vermehrte Venenzeichnung der oberfl\u00e4chlichen Venen (Umgehungskreislauf), klassischerweise an der Schienenbeinvorderkante (Pratt-Warnvenen)<\/li><li>Druckschmerz der Wade (Lowenberg \u2013 Zeichen)<\/li><li>Wadenschmerzen beim Fu\u00dfstrecken (Hohmann \u2013 Zeichen)<\/li><li>Fu\u00dfsohlenschmerz beim Druck auf die Fu\u00dfsohle (Payr \u2013 Zeichen)<\/li><li>Fieber<\/li><\/ul>\n\n\n\n<p>Da die Thromboseerkrankung ein h\u00e4ufiges Leiden ist, das nicht selten t\u00f6dlich endet oder schwerwiegende bleibende Sch\u00e4den hinterl\u00e4sst, ergeben sich folgende Schlussfolgerungen:<\/p>\n\n\n\n<ul class=\"wp-block-list\"><li>Kenntnis des eigenen Thromboserisikos sowie der Anzeichen<\/li><li>Alles daran setzen, dass keine Thrombose entsteht (Prophylaxe)<\/li><li>Bei leisestem Verdacht auf eine Thrombose sofortiges Aufsuchen eines Spezialarztes, dies gilt unabh\u00e4ngig von Ort und Zeitpunkt des Geschehens<\/li><li>Sofortdiagnostik (Notfallsituation) und sofortiger Therapiebeginn<\/li><li>Fachkundige korrekte Weiterf\u00fchrung der Therapie (Blutverd\u00fcnnung)<\/li><\/ul>\n\n\n\n<p>Da sich das Blutgerinnsel innert kurzer Zeit narbig umwandelt, muss die Therapie schnellstm\u00f6glich einsetzen. Zur Diagnose steht das sog. D- Dimer zur Verf\u00fcgung. Ein normaler Wert schliesst eine Thrombose aus. Daneben wird die Ultraschalldiagnostik gebraucht (Duplex). Die Therapie hat zum Ziel, ein weiteres Wachstums des Blutgerinnsels zu stoppen, eine Thrombusverschleppung (Embolie) zu vermeiden und den normalen Blutfluss wieder herzustellen. Der Spezialist entscheidet aufgrund der Lokalisation und Ausdehnung, welche Therapie die beste ist: rein konservative medikament\u00f6se Therapie mit Blutverd\u00fcnner, aktive medikament\u00f6se Aufl\u00f6sung des Pfropfes (Lyse), chirurgische Entfernung des Gerinnsels (Thrombektomie) oder Anlegen eines Umgehungskreislaufs (Bypass). In jedem Fall schliesst sich eine l\u00e4nger dauernde Blutverd\u00fcnnung an.<\/p>\n\n\n\n<h4 class=\"wp-block-heading\">Weiterf\u00fchrende Artikel zum Thema Thrombose<\/h4>\n\n\n\n<ul class=\"wp-block-list\"><li><a href=\"\/wiki\/gefasse\/venen\/therapie-thrombose\/\">Therapie der Thrombose<\/a><\/li><li><a href=\"\/wiki\/gefasse\/venen\/thrombose\/thrombosen-vorbeugen\/\">Thrombose vorbeugen<\/a><\/li><\/ul>\n\n\n\n<h4 class=\"wp-block-heading\">Passendes aus dem Sanihaus<\/h4>\n\n\n\n<ul class=\"wp-block-list\"><li><a href=\"\/3-kompressionsstrumpfe\">Kompressionsstr\u00fcmpfe<\/a><\/li><li><a href=\"\/10-reisestrumpfe\">Reisestr\u00fcmpfe<\/a><\/li><\/ul>\n","protected":false},"excerpt":{"rendered":"<p>Thrombose und ihre Symptome Je schneller eine tiefe Venenthrombose erkannt und richtig behandelt wird, desto gr\u00f6sser die Wahrscheinlichkeit, dass eine Abheilung ohne Sp\u00e4tfolgen erfolgt. Theoretisch ist es daher richtig, die Symptome einer Thrombose zu kennen, um sofort reagieren zu k\u00f6nnen. Leider gibt es aber keine eindeutigen Merkmale und Zeichen, die eine Thrombose beweisen. Je nach &#8230; <a title=\"Thrombose\" class=\"read-more\" href=\"https:\/\/sanihaus.ch\/wiki\/gefasse\/venen\/thrombose\/\" aria-label=\"Mehr Informationen \u00fcber Thrombose\">Weiterlesen<\/a><\/p>\n","protected":false},"author":1,"featured_media":0,"parent":25,"menu_order":0,"comment_status":"closed","ping_status":"closed","template":"","meta":{"footnotes":""},"class_list":["post-85","page","type-page","status-publish"],"aioseo_notices":[],"_links":{"self":[{"href":"https:\/\/sanihaus.ch\/wiki\/wp-json\/wp\/v2\/pages\/85","targetHints":{"allow":["GET"]}}],"collection":[{"href":"https:\/\/sanihaus.ch\/wiki\/wp-json\/wp\/v2\/pages"}],"about":[{"href":"https:\/\/sanihaus.ch\/wiki\/wp-json\/wp\/v2\/types\/page"}],"author":[{"embeddable":true,"href":"https:\/\/sanihaus.ch\/wiki\/wp-json\/wp\/v2\/users\/1"}],"replies":[{"embeddable":true,"href":"https:\/\/sanihaus.ch\/wiki\/wp-json\/wp\/v2\/comments?post=85"}],"version-history":[{"count":0,"href":"https:\/\/sanihaus.ch\/wiki\/wp-json\/wp\/v2\/pages\/85\/revisions"}],"up":[{"embeddable":true,"href":"https:\/\/sanihaus.ch\/wiki\/wp-json\/wp\/v2\/pages\/25"}],"wp:attachment":[{"href":"https:\/\/sanihaus.ch\/wiki\/wp-json\/wp\/v2\/media?parent=85"}],"curies":[{"name":"wp","href":"https:\/\/api.w.org\/{rel}","templated":true}]}}