{"id":8,"date":"2012-08-12T17:15:39","date_gmt":"2012-08-12T15:15:39","guid":{"rendered":"http:\/\/sanihaus.ch\/wiki\/?page_id=8"},"modified":"2017-03-16T20:49:22","modified_gmt":"2017-03-16T18:49:22","slug":"spreizfus","status":"publish","type":"page","link":"https:\/\/sanihaus.ch\/wiki\/gelenke\/fuss-zehen\/spreizfus\/","title":{"rendered":"Spreizfuss"},"content":{"rendered":"<figure id=\"attachment_227\" aria-describedby=\"caption-attachment-227\" style=\"width: 340px\" class=\"wp-caption alignright\"><img loading=\"lazy\" decoding=\"async\" class=\"size-full wp-image-227 \" title=\"Spreizfuss\" src=\"\/wiki\/wp-content\/uploads\/2012\/08\/spreizfuss.jpg\" alt=\"R\u00f6ntgenbild bei Spreizfuss\" width=\"350\" height=\"295\" srcset=\"https:\/\/sanihaus.ch\/wiki\/wp-content\/uploads\/2012\/08\/spreizfuss.jpg 350w, https:\/\/sanihaus.ch\/wiki\/wp-content\/uploads\/2012\/08\/spreizfuss-300x252.jpg 300w\" sizes=\"auto, (max-width: 350px) 100vw, 350px\" \/><figcaption id=\"caption-attachment-227\" class=\"wp-caption-text\"><strong>Beim Spreizfuss weichen die Mittelfussknochen auseinander<\/strong><\/figcaption><\/figure>\n<p style=\"color: #000000; text-align: justify;\">Der Spreizfuss ist die h\u00e4ufigste Fussdeformit\u00e4t und bildet sich meist erst im Laufe des Lebens aus. Nicht nur erblich Bedingte Faktoren (wie z.B. ein schwaches Bindegewebe), auch Verhaltensweisen und Lebensgewohnheiten tragen zur Entstehung des Spreizfusses bei.<\/p>\n<h3 style=\"color: #000000; text-align: justify;\">Definition Spreizfuss<\/h3>\n<p style=\"text-align: justify;\">Spreizfuss wird in der fachsprache Pes transversoplanus genannt und beschreibt eine Fehlstellung der Mittelfussknochen (Metatarsale). Der intermetatarsale Winkel nimmt zu, so dass sich der Vorfuss verbreitert, aufspreizt. Dabei senkt sich das Quergew\u00f6lbe, so dass erh\u00f6hter Druck auf die Mittelfussk\u00f6pfchen II, III und IV entsteht. Oft sagt man <em>&#8222;das Quergew\u00f6lbe ist durchgetreten&#8220;<\/em>. Kurz gesagt:<\/p>\n<ul>\n<li>Quergew\u00f6lbe abgeflacht<\/li>\n<li>Fussballen verbreitert<\/li>\n<li>Metatarsalgien (Mittelfussschmerzen)<\/li>\n<\/ul>\n<h3 style=\"text-align: justify;\">Ursachen und Entstehung<\/h3>\n<p style=\"text-align: justify;\">Ein Spreizfuss ist meist erworben, das heisst er bildet sich langsam \u00fcber Jahre.  Schwaches Bindegewebe, welches auch eine erbliche Komponente aufweist, beg\u00fcnstigt jedoch die Entstehung. Wer an schwachem Bindegewebe leidet, wie h\u00e4ufig bei <a title=\"Krampfadern\" href=\"\/wiki\/gefasse\/venen\/krampfadern\/\">Krampfadern<\/a>, sollte auf gutes Schuhwerk achten. Zu den erworbenen Ursachen z\u00e4hlen<\/p>\n<ul>\n<li>Ungeeignetes Schuhwerk: Das Quergew\u00f6lbe wird nicht ausreichend unterst\u00fctzt und senkt sich bei Belastung.<\/li>\n<li>Hoher Absatz: Werden hohe Schuhe getragen, herrscht konstant ein erh\u00f6hter Druck auf die Mittelfussknochen &#8222;Rutschbahn-Effekt&#8220;.<\/li>\n<li>\u00dcbergewicht: Bei \u00dcbergewicht wird der Fuss unphysiologisch hohen Belastungen ausgesetzt, so dass insbesondere passive Strukturen (B\u00e4nder) Ver\u00e4nderungen erfahren.<\/li>\n<li>Bewegungsmangel: Wird die Fussmuskulatur nicht ausreichend benutzt, so wird sie zu schwach um den Fuss zu stabilisieren.<\/li>\n<\/ul>\n<p style=\"text-align: justify;\">Sekund\u00e4re Zehendeformit\u00e4ten, wie <a title=\"Hallux valgus\" href=\"\/wiki\/gelenke\/fuss-zehen\/hallux-valgus\/\">Hallux valgus<\/a> oder Dig. quintus varus sind beim Spreizfuss sehr h\u00e4ufig. Ein Spreizfuss sollte daher fr\u00fchzeitig therapiert werden, um diese Volgeerkrankungen zu verhindern.<\/p>\n<p style=\"text-align: justify;\"><strong>Schematische Darstellung Spreizfuss<\/strong><\/p>\n<p><iframe loading=\"lazy\" src=\"https:\/\/www.youtube-nocookie.com\/embed\/xDEFQj8W0V4?rel=0\" width=\"420\" height=\"315\" frameborder=\"0\" allowfullscreen=\"allowfullscreen\"><\/iframe><\/p>\n<h3>Beschwerden und Abkl\u00e4rungen<\/h3>\n<p style=\"text-align: justify;\">Der Spreizfuss schmerzt unter Belastung, wie im Stand oder beim Abstossen. Im liegen verschwinden die Beschwerden meist sofort. Hallux valgus, <a href=\"\/wiki\/gelenke\/fuss-zehen\/krallen-hammerzehen\/\">Hammer- und Krallenzehen<\/a>, Dig. quintus varus und Schwielenbildung unter den Mittelfussk\u00f6pfchen II-IV geben den Verdacht auf das Vorliegen eines Spreizfusses. Im Stehen und im Zehenstand wird beobachtet, wie sich der Mittelfuss verbreitert. Zus\u00e4tzlich kann ein Druckschmerz unter den Mittelfussk\u00f6pfchen ausgel\u00f6st werden, vermehrte Hornhaut und R\u00f6tungen sind die Regel.<\/p>\n<p style=\"text-align: justify;\">F\u00fcr eine genauere Abkl\u00e4rung kann ein Fussabtritt angefertigt werden, welcher genau \u00fcber die vorherrschenden Dr\u00fccke Auskunft gibt. Das klassische R\u00f6ntgenbild hat nach wie vor einen hohen Stellenwert in der Beurteilung der Winkel.<\/p>\n<h3 style=\"text-align: justify;\">Die Behandlung des Spreizfusses<\/h3>\n<p style=\"text-align: justify;\">Oft sind konservative Behandlungen ausreichend, um eine schmerzfreie Belastungsf\u00e4higkeit zu erreichen. Als wichtigste Massnahme ist die regelm\u00e4ssige Verwendung einer <a title=\"Spreizfusssohle\" href=\"\/fuss-zehen\/110-spreizfuss-sohle-mit-pelotte.html\">Spreizfusssohle<\/a>. Bei der Spreizfusssohle werden die Mittelfussknochen II-IV mit einer flexiblen Pelotte entlastet. Dabei muss die Pelotte so platziert werden, dass der Druckpunkt nicht auf die K\u00f6pfchen, sondern auf den Schaft der Mittelfussknochen zu liegen kommt. Bei starken Schmerzen kann auch eine Vorfussweichbettung erfolgen. Schuhwerk mit Ballenrollen kann bei kontraktem (in Fehlstellung fixiert) Spreizfuss hilfreich sein.<\/p>\n<p><a href=\"\/fuss-zehen\/110-spreizfuss-sohle-mit-pelotte.html\"><img loading=\"lazy\" decoding=\"async\" class=\"alignnone size-full wp-image-2009\" src=\"\/wiki\/wp-content\/uploads\/2012\/08\/Hallufix-Spreizfusssohle.jpg\" alt=\"Hallufix Spreizfusssohle\" width=\"700\" height=\"260\" srcset=\"https:\/\/sanihaus.ch\/wiki\/wp-content\/uploads\/2012\/08\/Hallufix-Spreizfusssohle.jpg 700w, https:\/\/sanihaus.ch\/wiki\/wp-content\/uploads\/2012\/08\/Hallufix-Spreizfusssohle-300x111.jpg 300w\" sizes=\"auto, (max-width: 700px) 100vw, 700px\" \/><\/a><\/p>\n<p style=\"text-align: justify;\">Bei akuten Schmerzen und aktiver Entz\u00fcndung sollen entz\u00fcndungshemmende Medikamente verschrieben werden. Es gibt auch Operationen f\u00fcr die Therapie des Spreizfusses. Diese sind aufgrund des guten Ansprechens der konservativen Therapie jedoch nur selten n\u00f6tig.<\/p>\n","protected":false},"excerpt":{"rendered":"<p>Der Spreizfuss ist die h\u00e4ufigste Fussdeformit\u00e4t und bildet sich meist erst im Laufe des Lebens aus. Nicht nur erblich Bedingte Faktoren (wie z.B. ein schwaches Bindegewebe), auch Verhaltensweisen und Lebensgewohnheiten tragen zur Entstehung des Spreizfusses bei. Definition Spreizfuss Spreizfuss wird in der fachsprache Pes transversoplanus genannt und beschreibt eine Fehlstellung der Mittelfussknochen (Metatarsale). Der intermetatarsale &#8230; <a title=\"Spreizfuss\" class=\"read-more\" href=\"https:\/\/sanihaus.ch\/wiki\/gelenke\/fuss-zehen\/spreizfus\/\" aria-label=\"Mehr Informationen \u00fcber Spreizfuss\">Weiterlesen<\/a><\/p>\n","protected":false},"author":1,"featured_media":0,"parent":203,"menu_order":0,"comment_status":"closed","ping_status":"closed","template":"","meta":{"footnotes":""},"class_list":["post-8","page","type-page","status-publish"],"aioseo_notices":[],"_links":{"self":[{"href":"https:\/\/sanihaus.ch\/wiki\/wp-json\/wp\/v2\/pages\/8","targetHints":{"allow":["GET"]}}],"collection":[{"href":"https:\/\/sanihaus.ch\/wiki\/wp-json\/wp\/v2\/pages"}],"about":[{"href":"https:\/\/sanihaus.ch\/wiki\/wp-json\/wp\/v2\/types\/page"}],"author":[{"embeddable":true,"href":"https:\/\/sanihaus.ch\/wiki\/wp-json\/wp\/v2\/users\/1"}],"replies":[{"embeddable":true,"href":"https:\/\/sanihaus.ch\/wiki\/wp-json\/wp\/v2\/comments?post=8"}],"version-history":[{"count":0,"href":"https:\/\/sanihaus.ch\/wiki\/wp-json\/wp\/v2\/pages\/8\/revisions"}],"up":[{"embeddable":true,"href":"https:\/\/sanihaus.ch\/wiki\/wp-json\/wp\/v2\/pages\/203"}],"wp:attachment":[{"href":"https:\/\/sanihaus.ch\/wiki\/wp-json\/wp\/v2\/media?parent=8"}],"curies":[{"name":"wp","href":"https:\/\/api.w.org\/{rel}","templated":true}]}}