{"id":5792,"date":"2023-01-12T18:50:33","date_gmt":"2023-01-12T16:50:33","guid":{"rendered":"https:\/\/sanihaus.ch\/wiki\/?page_id=5792"},"modified":"2023-01-12T18:50:33","modified_gmt":"2023-01-12T16:50:33","slug":"brustkrebs","status":"publish","type":"page","link":"https:\/\/sanihaus.ch\/wiki\/brustkrebs\/","title":{"rendered":"Brustkrebs"},"content":{"rendered":"\n<figure class=\"wp-block-image size-full\"><img loading=\"lazy\" decoding=\"async\" width=\"760\" height=\"250\" src=\"https:\/\/sanihaus.ch\/wiki\/wp-content\/uploads\/2023\/01\/Brustkrebs.jpg\" alt=\"Brustkrebs\" class=\"wp-image-5794\" srcset=\"https:\/\/sanihaus.ch\/wiki\/wp-content\/uploads\/2023\/01\/Brustkrebs.jpg 760w, https:\/\/sanihaus.ch\/wiki\/wp-content\/uploads\/2023\/01\/Brustkrebs-300x99.jpg 300w\" sizes=\"auto, (max-width: 760px) 100vw, 760px\" \/><\/figure>\n\n\n\n<p>In der Schweiz herrscht unter Frauen ein grosses Bewusstsein f\u00fcr Brustkrebs. Nicht zuletzt wegen Aktionen wie dem \u00abBrustkrebs Awareness Monat Oktober\u00bb oder zahlreichen Pink Ribbon Veranstaltungen, an denen auch nationale und internationale Stars aus Unterhaltung und Sport teilnehmen. Dank Fr\u00fcherkennung und neuen Therapieformen \u00fcberleben heute 80% der erkrankten Frauen. Wird der Tumor sp\u00e4t erkannt, sinkt die Chance auf eine erfolgreiche Therapie. Vorsorgen lohnt sich also.<\/p>\n\n\n\n<h2 class=\"wp-block-heading\">Brustkrebs: Ursache und Risikofaktoren<\/h2>\n\n\n\n<ul class=\"wp-block-list\">\n<li><strong>Hormone<\/strong>: Bei Frauen die sp\u00e4te in die Menopause kommen, bei denen die Menstruation schon fr\u00fch eingesetzt hat oder die lange eine Hormonersatztherapie erhalten haben, steigt das Brustkrebsrisiko. Auch keine oder eine erst sp\u00e4te Schwangerschaft beg\u00fcnstigen die Entstehung von Brustkrebs.<\/li>\n\n\n\n<li><strong>Vererbung<\/strong>: Hatten nahe Verwandte (Eltern, Geschwister, Kinder) bereits Brustkrebs, ist das pers\u00f6nliche Risiko erh\u00f6ht. Auch Genmutationen kommen als Ursache in Frage. Manche Mutationen wie die am BRCA-Gen sind vererbbar, lassen sich durch Tests aber fr\u00fchzeitig erkennen.<\/li>\n\n\n\n<li><strong>Alter<\/strong>: Ab dem 50. Lebensjahr kommt Brustkrebs h\u00e4ufiger vor. Die meisten Patientinnen sind bei der Diagnose sogar \u00fcber 65 Jahre. Es k\u00f6nnen aber auch junge Frauen betroffen sein.<\/li>\n\n\n\n<li><strong>Lebensstil<\/strong>: Wer raucht, Alkohol trinkt oder h\u00e4ufig fettig isst, hat eine h\u00f6here Wahrscheinlichkeit an Brustkrebs zu erkranken.<\/li>\n\n\n\n<li><strong>Strahlung<\/strong>: Strahlung auf den Oberk\u00f6rper, etwa bei der Bestrahlung einer anderen Krebserkrankung, erh\u00f6ht das Risiko ebenfalls.<\/li>\n\n\n\n<li><strong>Geschlecht<\/strong>: Die allermeisten Brustkrebs-Patientinnen sind Frauen. M\u00e4nner sind sehr selten betroffen. J\u00e4hrlich erkranken in der Schweiz ungef\u00e4hr 6000 Frauen und 50 M\u00e4nner.<\/li>\n<\/ul>\n\n\n\n<figure class=\"wp-block-image size-full\"><img loading=\"lazy\" decoding=\"async\" width=\"760\" height=\"380\" src=\"https:\/\/sanihaus.ch\/wiki\/wp-content\/uploads\/2023\/01\/Brustkrebs-Bewusstein.jpg\" alt=\"Brustkrebs awareness\" class=\"wp-image-5798\" srcset=\"https:\/\/sanihaus.ch\/wiki\/wp-content\/uploads\/2023\/01\/Brustkrebs-Bewusstein.jpg 760w, https:\/\/sanihaus.ch\/wiki\/wp-content\/uploads\/2023\/01\/Brustkrebs-Bewusstein-300x150.jpg 300w\" sizes=\"auto, (max-width: 760px) 100vw, 760px\" \/><\/figure>\n\n\n\n<h3 class=\"wp-block-heading\">Brustkrebs vorbeugen<\/h3>\n\n\n\n<p>Die Risikofaktoren f\u00fcr Brustkrebs sind vielf\u00e4ltig. Genetische Faktoren und das Alter kann man nicht beeinflussen, den Lebensstil hingegen schon. Wer auf eine ausgewogene, nicht zu fettige Ern\u00e4hrung, ein gesundes Gewicht und ausreichend Bewegung achtet, senkt nicht nur das Risiko f\u00fcr Brustkrebs, sondern auch f\u00fcr viele andere Krebsarten und Erkrankungen.<\/p>\n\n\n\n<p>Mutationen der BRCA-Gene lassen sich mit einem Gentest feststellen. Liegt eine Mutation vor, sind h\u00e4ufigere Voruntersuchungen n\u00f6tig. Manche Frauen entscheiden sich auch f\u00fcr die vorsorgliche Entfernung von Brustdr\u00fcsen und Eierst\u00f6cken.<\/p>\n\n\n\n<h3 class=\"wp-block-heading\">Brustkrebs fr\u00fch erkennen<\/h3>\n\n\n\n<p>Da sich viele Risikofaktoren f\u00fcr Brustkrebs nicht beeinflussen lassen, ist die Fr\u00fcherkennung besonders wichtig. Frauen wird deshalb empfohlen, regelm\u00e4ssig ihre Br\u00fcste abzutasten und auf folgende Ver\u00e4nderungen zu achten.<\/p>\n\n\n\n<figure class=\"wp-block-image size-full\"><img loading=\"lazy\" decoding=\"async\" width=\"760\" height=\"380\" src=\"https:\/\/sanihaus.ch\/wiki\/wp-content\/uploads\/2023\/01\/Brustkrebs-erkennen.jpg\" alt=\"Brustkrebs fr\u00fch erkennen\" class=\"wp-image-5796\" srcset=\"https:\/\/sanihaus.ch\/wiki\/wp-content\/uploads\/2023\/01\/Brustkrebs-erkennen.jpg 760w, https:\/\/sanihaus.ch\/wiki\/wp-content\/uploads\/2023\/01\/Brustkrebs-erkennen-300x150.jpg 300w\" sizes=\"auto, (max-width: 760px) 100vw, 760px\" \/><\/figure>\n\n\n\n<ul class=\"wp-block-list\">\n<li>Tastbare, schmerzlose Knoten oder Ver\u00e4nderungen im Brustgewebe.<\/li>\n\n\n\n<li>Die Haut ist ger\u00f6tet, entz\u00fcndet oder ver\u00e4ndert. Dellen oder W\u00f6lbungen, vor allem im Bereich der Brustwarzen.<\/li>\n\n\n\n<li>Entz\u00fcndung der Brustwarze.<\/li>\n\n\n\n<li>Ausfluss aus der Brustwarze, allenfalls auch blutig.<\/li>\n\n\n\n<li>Eine Brust wird pl\u00f6tzlich gr\u00f6sser.<\/li>\n\n\n\n<li>Geschwollene Lymphknoten im Bereich der Achsel oder des Schl\u00fcsselbeins.<\/li>\n\n\n\n<li>Ungewollter Gewichtsverlust.<\/li>\n<\/ul>\n\n\n\n<p>Ab dem 50. Lebensjahr wird Frauen zudem alle zwei Jahre eine vorsorgliche Mammografie empfohlen.<\/p>\n\n\n\n<h3 class=\"wp-block-heading\">Symptome<\/h3>\n\n\n\n<p>Brustkrebs ist in den meisten F\u00e4llen nicht schmerzhaft und die Betroffenen f\u00fchlen sich vollst\u00e4ndig gesund. Die oben beschriebenen Ver\u00e4nderungen k\u00f6nnen aber einen Hinweis auf einen Tumor geben. Manchmal wird der Tumor nur durch bildgebende Verfahren wie die Mammografie entdeckt.<\/p>\n\n\n\n<h3 class=\"wp-block-heading\">Diagnose<\/h3>\n\n\n\n<p>Bei Verdacht auf Brustkrebs wird mittels Mammografie oder Ultraschall nach einer Ver\u00e4nderung gesucht. Sogenannte Tumormarker im Blut helfen ebenfalls einen Tumor zu erkennen. Sie geben aber keine Gewissheit, ob es sich um eine gutartige oder b\u00f6sartige Ver\u00e4nderung handelt.<\/p>\n\n\n\n<p>Deshalb werden verd\u00e4chtige Ver\u00e4nderungen immer mit einer Biopsie untersucht. Nach einer \u00f6rtlichen Bet\u00e4ubung wird diese mit einer Hohlnadel punktiert. Das dabei entnommene Gewebe wird dann im Labor untersucht.<\/p>\n\n\n\n<p>Manchmal wird der Tumor mit leicht radioaktivem Zucker markiert und mittels Computertomografie dargestellt. So lassen sich auch Metastasen finden.<\/p>\n\n\n\n<h3 class=\"wp-block-heading\">Behandlung<\/h3>\n\n\n\n<p>Das Ziel der Brustkrebstherapie ist es, alles Tumorgewebe vollst\u00e4ndig zu entfernen. Verschiedene Untersuchungen des Tumors erm\u00f6glichen es heute genau herauszufinden mit welcher Therapie die Erfolgschancen am h\u00f6chsten sind.<\/p>\n\n\n\n<h3 class=\"wp-block-heading\">Operation<\/h3>\n\n\n\n<p>Bei der Brustkrebsoperation wird wenn m\u00f6glich alles Tumorgewebe aus der Brust entfernt. Manchmal werden auch die sogenannten W\u00e4chterlymphknoten entfernt. Das kann notwendig sein, wenn sich darin Metastasen gebildet haben, oder als rein vorsorgliche Massnahme.<\/p>\n\n\n\n<p>Heute kann in vielen F\u00e4llen brusterhaltend operiert werden. Die vollst\u00e4ndige Entfernung der Brust (Mastektomie) ist nur noch selten notwendig. Hier haben die betroffenen Frauen die M\u00f6glichkeit die Brust in der gleichen oder in einer anschliessenden Operation wieder aufbauen zu lassen. M\u00f6glich ist ein Aufbau mit einem Fettlappen aus Bauch, Bein oder R\u00fccken, oder mit einem Silikonimplantat.<\/p>\n\n\n\n<p>Um die Brust nach der OP zu schonen, m\u00fcssen Frauen f\u00fcr einige Wochen (Tag und Nacht) einen gut st\u00fctzenden Kompressions-BH tragen.<\/p>\n\n\n\n<figure class=\"wp-block-image size-full\"><img loading=\"lazy\" decoding=\"async\" width=\"760\" height=\"380\" src=\"https:\/\/sanihaus.ch\/wiki\/wp-content\/uploads\/2023\/01\/Brustkrebs-Therapie.jpg\" alt=\"Brustkrebs Therapie\" class=\"wp-image-5799\" srcset=\"https:\/\/sanihaus.ch\/wiki\/wp-content\/uploads\/2023\/01\/Brustkrebs-Therapie.jpg 760w, https:\/\/sanihaus.ch\/wiki\/wp-content\/uploads\/2023\/01\/Brustkrebs-Therapie-300x150.jpg 300w\" sizes=\"auto, (max-width: 760px) 100vw, 760px\" \/><\/figure>\n\n\n\n<h3 class=\"wp-block-heading\">Bestrahlung<\/h3>\n\n\n\n<p>Meistens folgt einige Wochen nach der Brustkrebs-OP die Strahlentherapie. Hier wird radioaktive Strahlung durch die Haut zum Ort des Tumors gebracht. Das senkt das Risiko f\u00fcr ein erneutes Auftreten oder Metastasieren des Tumors.<\/p>\n\n\n\n<h3 class=\"wp-block-heading\">Chemotherapie<\/h3>\n\n\n\n<p>Die Chemotherapie wird heute in der Brustkrebsbehandlung seltener eingesetzt als noch vor zehn Jahren. Grund daf\u00fcr ist das verbesserte Wissen \u00fcber die Tumore. Mittels Gentest l\u00e4sst sich herausfinden ob der Tumor auf die Chemotherapie anspricht und ob diese \u00fcberhaupt notwendig ist. Eine immer h\u00e4ufigere Alternative dazu ist die antihormonelle Therapie.<\/p>\n\n\n\n<h3 class=\"wp-block-heading\">Antihormonelle Therapie<\/h3>\n\n\n\n<p>Etwa zwei Drittel aller Frauen leiden an einem hormonabh\u00e4ngigen Brustkrebs. Das heisst, das weibliche Geschlechtshormon \u00d6strogen l\u00e4sst den Tumor wachsen. Eine antihormonelle Therapie unterdr\u00fcckt die Hormonproduktion im K\u00f6rper und hindert so auch den Tumor am Wachsen. Die Therapie muss f\u00fcr f\u00fcnf bis zehn Jahre durchgef\u00fchrt werden, um ein erneutes Auftreten des Tumors zu verhindern. Junge Frauen bleiben trotz der Hormontherapie h\u00e4ufig fruchtbar und k\u00f6nnen nach Ende der Behandlung noch Kinder bekommen. Eine alternative zur medikament\u00f6sen Hormontherapie ist das Entfernen oder Bestrahlen der Eierst\u00f6cke. Das f\u00fchrt in jedem Fall zu einer Unfruchtbarkeit und wird deshalb deutlich seltener gemacht als die medikament\u00f6se Therapie.<\/p>\n\n\n\n<h3 class=\"wp-block-heading\">Immuntherapie<\/h3>\n\n\n\n<p>Das Immunsystem erkennt fremde Zellen und zerst\u00f6rt sie. Manche Krebszellen k\u00f6nnen sich aber so tarnen, dass sie vom Immunsystem nicht erkannt werden. Andere Tumore hemmen die Aktivit\u00e4t von Immunzellen. Sie werden zwar erkannt, das Immunsystem kann sie aber nicht bek\u00e4mpfen.<\/p>\n\n\n\n<p>Spezielle Medikamente verst\u00e4rken die Immunreaktion oder \u00abtrainieren\u00bb das Immunsystem darauf, die Krebszellen zu erkennen. So wird das k\u00f6rpereigene Immunsystem im Kampf gegen den Krebs eingesetzt.<\/p>\n\n\n\n<h4 class=\"wp-block-heading\">Zielgerichtete Therapie bei Brustkrebs<\/h4>\n\n\n\n<p>Die zielgerichtete Therapie wird h\u00e4ufig erst im fortgeschrittenen Krebs-Stadium eingesetzt und immer mit anderen Therapieformen kombiniert. Vorg\u00e4ngig wird der Tumor auf gewisse Eigenschaften untersucht. So l\u00e4sst sich feststellen, welches Medikament sich f\u00fcr die Bek\u00e4mpfung des Tumors eignet. Die Medikamente docken dann an bestimmten Rezeptoren der Krebszellen an, oder ersetzen deren Botenstoffe. So k\u00f6nnen Wachstumssignale gehemmt, die Blutgef\u00e4ssbildung im Tumor verringert oder radioaktive Substanzen direkt in den Tumor transportiert werden.<\/p>\n\n\n\n<hr class=\"wp-block-separator has-alpha-channel-opacity\"\/>\n\n\n\n<h4 class=\"wp-block-heading\">Die sch\u00f6nsten &amp; besten BH&#8217;s nach Brustoperationen<\/h4>\n\n\n\n<div class=\"wp-block-columns is-layout-flex wp-container-core-columns-is-layout-9d6595d7 wp-block-columns-is-layout-flex\">\n<div class=\"wp-block-column is-layout-flow wp-block-column-is-layout-flow\">\n<figure class=\"wp-block-image size-full\"><a href=\"https:\/\/sanihaus.ch\/wiki\/neu\/kompressions-bh-brustvergrosserung\/\"><img loading=\"lazy\" decoding=\"async\" width=\"400\" height=\"400\" src=\"https:\/\/sanihaus.ch\/wiki\/wp-content\/uploads\/2023\/01\/PI-Perfect.jpg\" alt=\"PI Perfect BH nach Brustoperation\" class=\"wp-image-5768\" srcset=\"https:\/\/sanihaus.ch\/wiki\/wp-content\/uploads\/2023\/01\/PI-Perfect.jpg 400w, https:\/\/sanihaus.ch\/wiki\/wp-content\/uploads\/2023\/01\/PI-Perfect-300x300.jpg 300w, https:\/\/sanihaus.ch\/wiki\/wp-content\/uploads\/2023\/01\/PI-Perfect-150x150.jpg 150w\" sizes=\"auto, (max-width: 400px) 100vw, 400px\" \/><\/a><\/figure>\n<\/div>\n\n\n\n<div class=\"wp-block-column is-layout-flow wp-block-column-is-layout-flow\">\n<figure class=\"wp-block-image size-full\"><a href=\"https:\/\/sanihaus.ch\/wiki\/neu\/kompressions-bh-brustvergrosserung\/\"><img loading=\"lazy\" decoding=\"async\" width=\"400\" height=\"400\" src=\"https:\/\/sanihaus.ch\/wiki\/wp-content\/uploads\/2023\/01\/PI-Special.jpg\" alt=\"PI Special Post-OP BH\" class=\"wp-image-5772\" srcset=\"https:\/\/sanihaus.ch\/wiki\/wp-content\/uploads\/2023\/01\/PI-Special.jpg 400w, https:\/\/sanihaus.ch\/wiki\/wp-content\/uploads\/2023\/01\/PI-Special-300x300.jpg 300w, https:\/\/sanihaus.ch\/wiki\/wp-content\/uploads\/2023\/01\/PI-Special-150x150.jpg 150w\" sizes=\"auto, (max-width: 400px) 100vw, 400px\" \/><\/a><\/figure>\n<\/div>\n<\/div>\n\n\n\n<hr class=\"wp-block-separator has-alpha-channel-opacity\"\/>\n\n\n\n<h4 class=\"wp-block-heading\">Weitere Informationen zum Thema Brustkrebs<\/h4>\n\n\n\n<figure class=\"wp-block-embed is-type-video is-provider-youtube wp-block-embed-youtube wp-embed-aspect-16-9 wp-has-aspect-ratio\"><div class=\"wp-block-embed__wrapper\">\n<iframe loading=\"lazy\" title=\"Informationen zu Brustkrebs, Unterst\u00fctzung und Beratung\" width=\"1200\" height=\"675\" src=\"https:\/\/www.youtube.com\/embed\/RF5rlqWqyYo?feature=oembed\" frameborder=\"0\" allow=\"accelerometer; autoplay; clipboard-write; encrypted-media; gyroscope; picture-in-picture; web-share\" referrerpolicy=\"strict-origin-when-cross-origin\" allowfullscreen><\/iframe>\n<\/div><\/figure>\n\n\n\n<p><a href=\"https:\/\/www.krebsliga.ch\/ueber-krebs\/krebsarten\/brustkrebs\" title=\"\">Krebsliga Brustkrebs<\/a><\/p>\n","protected":false},"excerpt":{"rendered":"<p>In der Schweiz herrscht unter Frauen ein grosses Bewusstsein f\u00fcr Brustkrebs. Nicht zuletzt wegen Aktionen wie dem \u00abBrustkrebs Awareness Monat Oktober\u00bb oder zahlreichen Pink Ribbon Veranstaltungen, an denen auch nationale und internationale Stars aus Unterhaltung und Sport teilnehmen. Dank Fr\u00fcherkennung und neuen Therapieformen \u00fcberleben heute 80% der erkrankten Frauen. Wird der Tumor sp\u00e4t erkannt, sinkt &#8230; <a title=\"Brustkrebs\" class=\"read-more\" href=\"https:\/\/sanihaus.ch\/wiki\/brustkrebs\/\" aria-label=\"Mehr Informationen \u00fcber Brustkrebs\">Weiterlesen<\/a><\/p>\n","protected":false},"author":1,"featured_media":0,"parent":0,"menu_order":0,"comment_status":"closed","ping_status":"closed","template":"","meta":{"footnotes":""},"class_list":["post-5792","page","type-page","status-publish"],"aioseo_notices":[],"_links":{"self":[{"href":"https:\/\/sanihaus.ch\/wiki\/wp-json\/wp\/v2\/pages\/5792","targetHints":{"allow":["GET"]}}],"collection":[{"href":"https:\/\/sanihaus.ch\/wiki\/wp-json\/wp\/v2\/pages"}],"about":[{"href":"https:\/\/sanihaus.ch\/wiki\/wp-json\/wp\/v2\/types\/page"}],"author":[{"embeddable":true,"href":"https:\/\/sanihaus.ch\/wiki\/wp-json\/wp\/v2\/users\/1"}],"replies":[{"embeddable":true,"href":"https:\/\/sanihaus.ch\/wiki\/wp-json\/wp\/v2\/comments?post=5792"}],"version-history":[{"count":0,"href":"https:\/\/sanihaus.ch\/wiki\/wp-json\/wp\/v2\/pages\/5792\/revisions"}],"wp:attachment":[{"href":"https:\/\/sanihaus.ch\/wiki\/wp-json\/wp\/v2\/media?parent=5792"}],"curies":[{"name":"wp","href":"https:\/\/api.w.org\/{rel}","templated":true}]}}