{"id":510,"date":"2012-10-19T10:57:40","date_gmt":"2012-10-19T08:57:40","guid":{"rendered":"http:\/\/sanihaus.ch\/wiki\/?page_id=510"},"modified":"2024-01-06T11:23:09","modified_gmt":"2024-01-06T09:23:09","slug":"sturzprophylaxe","status":"publish","type":"page","link":"https:\/\/sanihaus.ch\/wiki\/vorsorge\/sturzprophylaxe\/","title":{"rendered":"Sturzprophylaxe"},"content":{"rendered":"<div class=\"wp-block-image\">\n<figure class=\"alignright\"><img loading=\"lazy\" decoding=\"async\" width=\"400\" height=\"258\" src=\"\/wiki\/wp-content\/uploads\/2012\/10\/sturz.jpg\" alt=\"Der K\u00f6nig Juan Carlos st\u00fcrzt zu Boden\" class=\"wp-image-529\" title=\"Sturz des K\u00f6nigs\" srcset=\"https:\/\/sanihaus.ch\/wiki\/wp-content\/uploads\/2012\/10\/sturz.jpg 400w, https:\/\/sanihaus.ch\/wiki\/wp-content\/uploads\/2012\/10\/sturz-300x193.jpg 300w\" sizes=\"auto, (max-width: 400px) 100vw, 400px\" \/><\/figure>\n<\/div>\n\n\n<p>Alleine in der Schweiz st\u00fcrzen j\u00e4hrlich um die 300&#8217;000 Menschen und tragen Unfallfolgen davon. \u00c4ltere Menschen sind oft von besonders schwerwiegende Verletzungen betroffen. Im Durchschnitt st\u00fcrzt jeder Dritte oder jede Dritte \u00fcber 65 Jahren einmal pro Jahr, mit 70 verdoppelt sich die Zahl. Die <strong>Sturzprophylaxe<\/strong> hat somit eine grosse gesellschaftliche Bedeutung. Sicher vor St\u00fcrzen ist nicht einmal der spanische K\u00f6nig, der k\u00fcrzlich \u00f6ffentlich gefallen ist.<\/p>\n\n\n\n<h3 class=\"wp-block-heading\">Was sind die Sturzursachen?<\/h3>\n\n\n\n<p>Um eine gute Sturzprophylaxe betreiben zu k\u00f6nnen, m\u00fcssen die Sturzursachen bekannt sein. Meist sind St\u00fcrze im Alter auf verschiedene, multifaktorielle Faktoren zur\u00fcckzuf\u00fchren, wobei ein Risikofaktor meist die Gangunsicherheit ist. Diese kann durch Gleichgewichtsst\u00f6rungen, schwache Muskulatur oder verlangsamte Reflexe verursacht sein. Sturzursachen werden in zwei Gruppen geteilt, wonach sich auch die Sturzprophylaxe richtet:<\/p>\n\n\n\n<p><strong>Interne Sturzfakorten<\/strong><\/p>\n\n\n\n<p>Hierzu geh\u00f6ren haupts\u00e4chlich altersbedingte Ver\u00e4nderungen wie z.B. schlechtes Sehverm\u00f6gen (Grauer Star), Herzrhythmusst\u00f6rungen, Schwindel oder ein ver\u00e4ndertes Gangbild bei Parkinson. Auch chronische Erkrankungen wie Demenz, Depression oder Inkontinenz haben Einfluss auf die Sturzh\u00e4ufigkeit. Nicht selten haben Medikamente Nebenwirkungen, welche zu St\u00fcrzen f\u00fchren k\u00f6nnen (Blutdruckmedikamente, Schlafmittel).<\/p>\n\n\n\n<p><strong>Externe Sturzfaktoren<\/strong><\/p>\n\n\n\n<p>Zu den externen Faktoren geh\u00f6ren alle Gefahren im Alltag, sowie das Umfeld. Typische Sturzquellen sind unebene B\u00f6den, Teppiche, Schwellen oder glatte B\u00f6den im Badezimmer. Oft wird \u00fcber n\u00e4chtliche St\u00fcrze berichtet, welche sich bei schlechter Beleuchtung ereignet haben. Auch falsche Schuhe oder schlecht eingestellte Gehilfen k\u00f6nnen Ursache eines Sturzes sein.<\/p>\n\n\n\n<p>Die Sturzprophyalxe befasst sich sowohl mit den internen, wie auch mit den externen Faktoren.<\/p>\n\n\n\n<h2 class=\"wp-block-heading\">Die Sturzprophylaxe<\/h2>\n\n\n\n<p>Die Sturzprophylaxe oder auch Sturzpr\u00e4vention hat zum Ziel, Risikofaktoren zu minimieren und damit St\u00fcrze zu vermeiden. <strong>Die Sturzprophylaxe ist eine vielseitige Strategie<\/strong>, eine Kombination aus medizinischer, rehabilitativer und umgebungsadaptierender Massnahmen. Unterschieden wird die prim\u00e4re und die sekund\u00e4re Sturzpr\u00e4vention. Prim\u00e4re Sturzpr\u00e4vention heisst, dass es noch nicht zu einem Sturz gekommen ist, aber ein erh\u00f6htes Risiko besteht. Bei der sekund\u00e4ren Sturzpr\u00e4vention hat sich bereits ein Sturz ereignet, das Risiko ist per Definition extrem hoch und eine intensive Prophylaxe ist n\u00f6tig.<\/p>\n\n\n\n<p><strong>Prim\u00e4re Sturzprophylaxe<\/strong><\/p>\n\n\n\n<p>Viel Bewegung f\u00f6rdert nicht nur Herz-Kreislauf und Muskulatur, sondern verbessert auch die Koordination und das Gleichgewicht. Zu Beginn sind entspannte Spazierg\u00e4nge auf ebenem Untergrund ausreichen, wer sich sicher f\u00fchlt kann auch in unruhigeres Gel\u00e4nde (mit dem passenden Schuhwerk und Stock).<\/p>\n\n\n\n<p><strong>Sekund\u00e4re Sturzprophylaxe<\/strong><\/p>\n\n\n\n<p>Nach einem Sturz f\u00fchlen sich die Betroffenen oft unsicher und trauen sich kaum auf die Beine. Hier steht die verbesserte K\u00f6rpererfahrung im Vordergrund. Gleichgewicht und Reaktionsf\u00e4higkeit m\u00fcssen gezielt geschult werden. H\u00e4ufig ist die Muskulatur der Beine sehr Schwach, ein leichtes Krafttraining reduziert die Gefahr eines Sturzes. Gelegentlich ist auch eine psychologische Betreuung zu empfehlen, denn Sturzgef\u00e4hrdete Patienten sind oft entgeistert und haben Anst vor einem weiteren Ereignis.<\/p>\n\n\n\n<h3 class=\"wp-block-heading\"><img loading=\"lazy\" decoding=\"async\" class=\"size-full wp-image-534 alignright\" style=\"margin-left: 20px; margin-right: 20px;\" title=\"Sturzprophylaxe\" src=\"\/wiki\/wp-content\/uploads\/2012\/10\/sturzprophylaxe.jpg\" alt=\"Sturzprophylaxe mit Wanderschuhen und Gehstock\" width=\"400\" height=\"520\" srcset=\"https:\/\/sanihaus.ch\/wiki\/wp-content\/uploads\/2012\/10\/sturzprophylaxe.jpg 400w, https:\/\/sanihaus.ch\/wiki\/wp-content\/uploads\/2012\/10\/sturzprophylaxe-230x300.jpg 230w\" sizes=\"auto, (max-width: 400px) 100vw, 400px\" \/>Einfach Massnahmen zur Sturzpr\u00e4vention<\/h3>\n\n\n\n<p><strong>Sturzpr\u00e4vention allgemein<\/strong><\/p>\n\n\n\n<ul class=\"wp-block-list\">\n<li>Wann war Ihr letzter Besuch beim Optiker? Nur wer Hindernisse scharf sehen kann, kann ausweichen und einen Sturz verhindern.<\/li>\n\n\n\n<li>Trainieren Sie Ihre Beinmuskulatur, das f\u00f6rdert nicht nur Kraft sondern auch Koordination und Sicherheit.<\/li>\n\n\n\n<li>Passen Sie das Verhalten Ihrer Fitness an -jeder hat andere Grenzen.<\/li>\n<\/ul>\n\n\n\n<p><strong>Sturzpr\u00e4vention in der Wohnung<\/strong><\/p>\n\n\n\n<ul class=\"wp-block-list\">\n<li>Vermeiden Sie alle unn\u00f6tigen Stufen oder Abs\u00e4tze, auch herumliegende Gegenst\u00e4nde k\u00f6nnen Grund f\u00fcr einen Sturz sein.<\/li>\n\n\n\n<li>Achten Sie darauf, dass alle Teppiche flach aufliegen und gegen Wegrutschen gesichert sind.<\/li>\n\n\n\n<li>Richten Sie Ihre Wohnung m\u00f6glichst praktisch ein, so dass Sie z.B. f\u00fcr den n\u00e4chtlichen Toilettengang keinen Slalom gehen m\u00fcssen.<\/li>\n\n\n\n<li>Sorgen Sie f\u00fcr ausreichend Licht in der Wohnung, dazu geh\u00f6rt auch die Beleuchtung von G\u00e4ngen und Treppen.<\/li>\n\n\n\n<li>Benutzen Sie das Treppen-Gel\u00e4nder oder st\u00fctzen Sie sich an der Wand ab. Achtung beim Abst\u00fctzen auf M\u00f6bel, diese k\u00f6nnen unverhofft wegrutschen.<\/li>\n<\/ul>\n\n\n\n<p><strong>Sturzpr\u00e4vention draussen und unterwegs<\/strong><\/p>\n\n\n\n<ul class=\"wp-block-list\">\n<li>Tragen Sie hochwertiges Schuhwerk, welches ideal passt. Nur mit guten Schuhen erhalten Sie ein sicheres Bodengef\u00fchl.<\/li>\n\n\n\n<li>Passe Sie Ihre Schuhe den Gegebenheiten an, gehen Sie nicht mit Halbschuhen im Wald wandern.<\/li>\n\n\n\n<li>Nehmen Sie ruhig einen <a href=\"https:\/\/sanihaus.ch\/wiki\/neu\/gehstocke-sicherheit-beim-gehen\/\" title=\"Gehst\u00f6cke \u2013 mehr Sicherheit beim Gehen\">Stock<\/a> zu Hilfe. Gehst\u00f6cke geh\u00f6ren zu den wirkungsvollsten Sturzprophylaxe-Massnahmen.<\/li>\n\n\n\n<li>Setzen Sie sich bei M\u00fcdigkeit kurz hin und machen eine Pause mit Getr\u00e4nk, denn Fl\u00fcssigkeitsmangel kann zu St\u00fcrzen f\u00fchren.<\/li>\n<\/ul>\n\n\n\n<h3 class=\"wp-block-heading\">H\u00fcftprotektoren<\/h3>\n\n\n\n<p>St\u00fcrze k\u00f6nnen leider nicht immer verhindert werden, sie passieren auch bei allen Bem\u00fchungen. Schwere Verletzungen, wie z.B. die Schenkelhalsfraktur k\u00f6nnen jedoch mit den richtigen H\u00fcftprotektoren in bis zu 75% verhindert werden. <strong>Sanihaus bietet Ihnen im Onlineshop ein ansprechendes Sortiment an <a title=\"H\u00fcftprotektoren\" href=\"\/36-huftprotektoren\">H\u00fcftprotekoren<\/a> f\u00fcr Sie und Ihn<\/strong> -neu auch als praktisches Einsteiger Set.<\/p>\n\n\n\n<p>H\u00fcftprotektoren k\u00f6nnen wie normale Unterw\u00e4sche getragen werden, die wirkungsvollen Polster befinden sich dabei genau auf h\u00f6he der H\u00fcft. Bei einem Sturz wird die Kraft sofort abgefedert und verteilt, so dass schwere Verletzungen reduziert werden. Es empfiehlt sich auch, die Protektoren nachts zu tragen, da sich St\u00fcrze oft im dunkeln ereignen.<\/p>\n\n\n\n<hr class=\"wp-block-separator has-alpha-channel-opacity\"\/>\n\n\n\n<p>Weiterf\u00fchrende Links zum Thema Sturzprophylaxe<\/p>\n\n\n\n<p><a href=\"http:\/\/www.pflegewiki.de\/wiki\/Sturzprophylaxe\" title=\"Sturzprophylaxe PflegeWiki\">H\u00fcftprotektoren<\/a><br><a href=\"https:\/\/www.bfu.ch\/de\/services\/sichere-produkte\/hueftprotektoren\" target=\"_blank\" rel=\"noopener\" title=\"bfu H\u00fcftprotektoren\">bfu H\u00fcftprotektoren<\/a><\/p>\n\n\n\n<div class=\"wp-block-columns is-layout-flex wp-container-core-columns-is-layout-9d6595d7 wp-block-columns-is-layout-flex\">\n<div class=\"wp-block-column is-layout-flow wp-block-column-is-layout-flow\">\n<figure class=\"wp-block-image size-full\"><a href=\"\/wiki\/neu\/rollatoren-mobilitat-und-sicherheit\/\"><img loading=\"lazy\" decoding=\"async\" width=\"500\" height=\"500\" src=\"https:\/\/sanihaus.ch\/wiki\/wp-content\/uploads\/2023\/12\/T-Rexx-Rollator-Outdoor.jpg\" alt=\"\" class=\"wp-image-6180\" srcset=\"https:\/\/sanihaus.ch\/wiki\/wp-content\/uploads\/2023\/12\/T-Rexx-Rollator-Outdoor.jpg 500w, https:\/\/sanihaus.ch\/wiki\/wp-content\/uploads\/2023\/12\/T-Rexx-Rollator-Outdoor-300x300.jpg 300w, https:\/\/sanihaus.ch\/wiki\/wp-content\/uploads\/2023\/12\/T-Rexx-Rollator-Outdoor-150x150.jpg 150w\" sizes=\"auto, (max-width: 500px) 100vw, 500px\" \/><\/a><\/figure>\n<\/div>\n\n\n\n<div class=\"wp-block-column is-layout-flow wp-block-column-is-layout-flow\">\n<h4 class=\"wp-block-heading\">Rollatoren &#8211; mehr Sicherheit und Mobilit\u00e4t im Alltag!<\/h4>\n\n\n\n<p>Die Anschaffung eines Rollators bedeutet f\u00fcr viele Menschen einen Schritt in Richtung <strong>mehr Mobilit\u00e4t und Selbst\u00e4ndigkeit<\/strong>. Ein richtig ausgew\u00e4hlter Rollator bietet Unterst\u00fctzung und Unabh\u00e4ngigkeit. Unsere grosse Auswahl an Rollatoren bietet bestimmt auch f\u00fcr Ihre Bed\u00fcrfnisse das richtige Modell.<\/p>\n\n\n\n<div class=\"wp-block-buttons is-content-justification-center is-layout-flex wp-container-core-buttons-is-layout-16018d1d wp-block-buttons-is-layout-flex\">\n<div class=\"wp-block-button\"><a class=\"wp-block-button__link wp-element-button\" href=\"\/wiki\/neu\/rollatoren-mobilitat-und-sicherheit\/\">Mobilt\u00e4t mit Rollator<\/a><\/div>\n<\/div>\n<\/div>\n<\/div>\n","protected":false},"excerpt":{"rendered":"<p>Alleine in der Schweiz st\u00fcrzen j\u00e4hrlich um die 300&#8217;000 Menschen und tragen Unfallfolgen davon. \u00c4ltere Menschen sind oft von besonders schwerwiegende Verletzungen betroffen. Im Durchschnitt st\u00fcrzt jeder Dritte oder jede Dritte \u00fcber 65 Jahren einmal pro Jahr, mit 70 verdoppelt sich die Zahl. Die Sturzprophylaxe hat somit eine grosse gesellschaftliche Bedeutung. Sicher vor St\u00fcrzen ist &#8230; <a title=\"Sturzprophylaxe\" class=\"read-more\" href=\"https:\/\/sanihaus.ch\/wiki\/vorsorge\/sturzprophylaxe\/\" aria-label=\"Mehr Informationen \u00fcber Sturzprophylaxe\">Weiterlesen<\/a><\/p>\n","protected":false},"author":1,"featured_media":0,"parent":558,"menu_order":0,"comment_status":"closed","ping_status":"closed","template":"","meta":{"footnotes":""},"class_list":["post-510","page","type-page","status-publish"],"aioseo_notices":[],"_links":{"self":[{"href":"https:\/\/sanihaus.ch\/wiki\/wp-json\/wp\/v2\/pages\/510","targetHints":{"allow":["GET"]}}],"collection":[{"href":"https:\/\/sanihaus.ch\/wiki\/wp-json\/wp\/v2\/pages"}],"about":[{"href":"https:\/\/sanihaus.ch\/wiki\/wp-json\/wp\/v2\/types\/page"}],"author":[{"embeddable":true,"href":"https:\/\/sanihaus.ch\/wiki\/wp-json\/wp\/v2\/users\/1"}],"replies":[{"embeddable":true,"href":"https:\/\/sanihaus.ch\/wiki\/wp-json\/wp\/v2\/comments?post=510"}],"version-history":[{"count":0,"href":"https:\/\/sanihaus.ch\/wiki\/wp-json\/wp\/v2\/pages\/510\/revisions"}],"up":[{"embeddable":true,"href":"https:\/\/sanihaus.ch\/wiki\/wp-json\/wp\/v2\/pages\/558"}],"wp:attachment":[{"href":"https:\/\/sanihaus.ch\/wiki\/wp-json\/wp\/v2\/media?parent=510"}],"curies":[{"name":"wp","href":"https:\/\/api.w.org\/{rel}","templated":true}]}}