{"id":420,"date":"2012-08-21T09:49:46","date_gmt":"2012-08-21T07:49:46","guid":{"rendered":"http:\/\/sanihaus.ch\/wiki\/?page_id=420"},"modified":"2021-05-29T22:22:13","modified_gmt":"2021-05-29T20:22:13","slug":"handgelenk","status":"publish","type":"page","link":"https:\/\/sanihaus.ch\/wiki\/gelenke\/handgelenk\/","title":{"rendered":"Handgelenk und Finger"},"content":{"rendered":"\n<figure class=\"wp-block-image size-large\"><img loading=\"lazy\" decoding=\"async\" width=\"760\" height=\"250\" src=\"https:\/\/sanihaus.ch\/wiki\/wp-content\/uploads\/2021\/05\/Handgelenk.jpg\" alt=\"Hangelenk\" class=\"wp-image-4966\" srcset=\"https:\/\/sanihaus.ch\/wiki\/wp-content\/uploads\/2021\/05\/Handgelenk.jpg 760w, https:\/\/sanihaus.ch\/wiki\/wp-content\/uploads\/2021\/05\/Handgelenk-300x99.jpg 300w\" sizes=\"auto, (max-width: 760px) 100vw, 760px\" \/><\/figure>\n\n\n\n<p><strong>\u00dcbersicht aller Artikel zum Thema Handgelenk und Finger<\/strong><\/p>\n\n\n\n<ul class=\"wp-block-list\"><li><a href=\"\/wiki\/gelenke\/handgelenk\/handgelenkschmerzen\/\">Schmerzen im Handgelenk<\/a><\/li><li><a title=\"Distale Radiusfraktur\" href=\"\/wiki\/gelenke\/handgelenk\/distale-radiusfraktur\/\">Distale Radiusfraktur<\/a><\/li><li><a title=\"Karpaltunnelsyndrom\" href=\"\/wiki\/gelenke\/handgelenk\/karpaltunnelsyndrom\/\">Karpaltunnelsyndrom<\/a><\/li><li><a title=\"Skidaumen\" href=\"\/wiki\/gelenke\/handgelenk\/skidaumen\/\">Skidaumen<\/a><\/li><li><a href=\"https:\/\/sanihaus.ch\/wiki\/gelenke\/handgelenk\/sehnenscheidenentzuendung\/\">Sehnenscheidenentz\u00fcndung<\/a><\/li><\/ul>\n\n\n\n<p>Die Hand ist das wohl wichtigste Werkzeug der Primaten. Durch den opponierbaren Daumen wird der Pinzettengriff erm\u00f6glicht, welcher uns erlaubt Gegenst\u00e4nder sehr unterschiedlicher Gr\u00f6sse und Gewichts zu halten. Vom kleinsten Reiskorn bis zum grossen Stein l\u00e4sst sich mit der Hand alles greifen. Die Hand dient aber auch der Kommunikation. Durch Ber\u00fchrung l\u00e4sst sich Z\u00e4rtlichkeit ausdr\u00fccken, mit den Fingern lassen sich Gegenst\u00e4nde in der Ferne zeigen und die verbale Kommunikation unterst\u00fctzen.<\/p>\n\n\n\n<h3 class=\"wp-block-heading\">Anatomie<\/h3>\n\n\n\n<p>Hand und Finger setzen sich aus insgesamt 27 Knochen zusammen. Sie werden unterteilt in Handwurzelknochen, Mittelhandknochen, proximale (k\u00f6rpernahe) Phalangen, intermediale Phalangen und distale (k\u00f6rperfernen) Phalangen. Die acht Handwurzelknochen (Kahnbein, Mondbein, Kopfbein, grosses und kleines Vieleckbein, Dreieckbein, Erbsenbein und Hakenbein) sind in zwei Reihen angeordnet, zwischen denen sich das distale Handgelenk befindet. Das proximale Handgelenk, welches als eigentliches Handgelenk wahrgenommen wird befindet sich zwischen Kahnbein, Mondbein und Dreieckbein, welche gelenkig mit der Speiche verbunden sind.<\/p>\n\n\n\n<p>K\u00f6rperfern der Handwurzelknochen finden sich die f\u00fcnf Mittelhandknochen, welche an der Handfl\u00e4che oder dem Handr\u00fccken problemlos tastbar sind. Sie bilden den Ansatz f\u00fcr die in der L\u00e4nge angeordneten Fingerknochen (Phalangen), von welchen jeder Finger drei besitzt, ausser dem Daumen, der nur aus zwei Fingerknochen besteht.<\/p>\n\n\n\n<h3 class=\"wp-block-heading\">Muskeln<\/h3>\n\n\n\n<p>Trotz ihrer zahlreichen Bewegungsm\u00f6glichkeiten weist die Hand verh\u00e4ltnissm\u00e4ssig wenige Muskeln auf. Die gr\u00f6sste Muskelgruppe der Hand ist die Thenarmuskulatur, welche zwischen Mittelhandknochen des Daumens und Handwurzel verl\u00e4uft und als Daumenballen sichtbar ist. Die Beweglichkeit und Opponierbarkeit des Daumens ist zu einem grossen Teil durch die Thenarmuskulatur begr\u00fcndet.<\/p>\n\n\n\n<p>Die Hypothenarmuskulatur, welche den Kleinfingerballen bildet, ist ebenfalls an der Oppositionsbewegung beteiligt und erm\u00f6glicht es den kleinen Finger dem Daumen gegen\u00fcberzustellen. Beide Ballen bilden ausserdem ein Polster f\u00fcr Knochen und Nerven beim Greifen von schweren oder harten Gegenst\u00e4nden.<\/p>\n\n\n\n<p>Die Hohlhandmuskeln setzen an den Mittelhandknochen und den proximalen Phalangen an.<\/p>\n\n\n\n<p>Der gr\u00f6sste Teil der f\u00fcr die Fingerbewegungen verantwortlichen Muskeln befinden sich nicht in der Hand, sondern im Unterarm. \u00dcber lange Sehnen setzen sie an den Fingern an und erm\u00f6glichen die Bewegung der Hand, ohne diese durch Muskelgewebe unn\u00f6tig \u201edick\u201c zu machen.<\/p>\n\n\n\n<p>Ringf\u00f6rmige Verst\u00e4rkungen der Finger-Sehnenscheide, welche auch Ringband genannt werden, leiten die Kraft der Beugemuskeln auf der Beugeseite der Finger so um, dass es m\u00f6glich wird die Finger ohne grossen Kraftaufwand zu beugen.<\/p>\n\n\n\n<h3 class=\"wp-block-heading\">Nerven und Karpaltunnel<\/h3>\n\n\n\n<p>Die Hand wird von drei grossen Nerven versorgt, dem Mittelnerv (N. medianus), dem Speichennerv (N. radialis) und dem Ellennerv (N. ulnaris). Um pr\u00e4zises Greifen und F\u00fchlen zu erm\u00f6glichen sind die Hand und insbesondere die Finger mit sehr vielen und verschiedenen Rezeptoren best\u00fcckt.<\/p>\n\n\n\n<p>Der Mittelnerv versorgt den gr\u00f6ssten Teil der Hand vom Daumen bis zum Ringfinger, sowie einen Grossteil der Handfl\u00e4che. Sein Verlauf unter dem queren Handgelenksband bereitet aber oft Probleme. Das Handgelenksband bildet zusammen mit den Handwurzelknochen den Karpaltunnel, durch welchen neben dem Mittelnerv auch Blutgef\u00e4sse und die Beugesehnen der Hand verlaufen. Schwellen die Sehnenscheiden bei einer Entz\u00fcndung an, wird der Nerv im engen Karpaltunnel stark komprimiert was zu Gef\u00fchlsst\u00f6rungen f\u00fchren kann (mehr zum <a title=\"Karpaltunnelsyndrom\" href=\"\/wiki\/gelenke\/handgelenk\/karpaltunnelsyndrom\/\">Karpaltunnel-Syndrom<\/a>).<\/p>\n\n\n\n<h3 class=\"wp-block-heading\">Erkrankungen der Hand<\/h3>\n\n\n\n<p>Hand und Handgelenk werden t\u00e4glich intensiv beansprucht und sind deshalb h\u00e4ufig von \u00fcberlastungsbedingten Erkrankungen wie <a href=\"https:\/\/sanihaus.ch\/wiki\/gelenke\/handgelenk\/sehnenscheidenentzuendung\/\" title=\"Sehnenscheidenentz\u00fcndung\">Sehnenscheidenentz\u00fcndungen<\/a> oder dem Karpaltunnelsyndrom betroffen.<\/p>\n\n\n\n<p>Die <a title=\"Distale Radiusfraktur\" href=\"\/wiki\/gelenke\/handgelenk\/distale-radiusfraktur\/\">distale Radiusfraktur<\/a> (Handgelenksbruch) ist der h\u00e4ufigste Knochenbruch beim Menschen. Schon bei einem normalen Sturz kann es zu dieser Verletzung kommen, da die H\u00e4nde reflexartig ausgestreckt werden um den Sturz zu bremsen. Eine weitere h\u00e4ufige Verletzung ist der <a title=\"Skidaumen\" href=\"\/wiki\/gelenke\/handgelenk\/skidaumen\/\">Skidaumen<\/a>, welche durch gewaltsames Wegknicken des Daumens nach hinten verursacht wird.<\/p>\n\n\n\n<p>Ihre Funktion als wichtiges Werkzeug macht die Hand ausserdem anf\u00e4llig f\u00fcr Verbrennungen, Schnitt- und Quetschverletzungen.<\/p>\n\n\n\n<figure class=\"wp-block-image\"><a href=\"\/28-handgelenk\"><img loading=\"lazy\" decoding=\"async\" width=\"700\" height=\"260\" src=\"\/wiki\/wp-content\/uploads\/2012\/08\/Handgelenkbandagen.jpg\" alt=\"Handgelenkbandagen\" class=\"wp-image-2020\" srcset=\"https:\/\/sanihaus.ch\/wiki\/wp-content\/uploads\/2012\/08\/Handgelenkbandagen.jpg 700w, https:\/\/sanihaus.ch\/wiki\/wp-content\/uploads\/2012\/08\/Handgelenkbandagen-300x111.jpg 300w\" sizes=\"auto, (max-width: 700px) 100vw, 700px\" \/><\/a><\/figure>\n\n\n\n<p>Bei sanihaus.ch finden Sie ein grosses Sortiment an <a title=\"Handgelenkbandagen\" href=\"\/28-handgelenk\">Handgelenkbandagen<\/a> f\u00fcr jede Indikation.<\/p>\n","protected":false},"excerpt":{"rendered":"<p>\u00dcbersicht aller Artikel zum Thema Handgelenk und Finger Schmerzen im Handgelenk Distale Radiusfraktur Karpaltunnelsyndrom Skidaumen Sehnenscheidenentz\u00fcndung Die Hand ist das wohl wichtigste Werkzeug der Primaten. Durch den opponierbaren Daumen wird der Pinzettengriff erm\u00f6glicht, welcher uns erlaubt Gegenst\u00e4nder sehr unterschiedlicher Gr\u00f6sse und Gewichts zu halten. Vom kleinsten Reiskorn bis zum grossen Stein l\u00e4sst sich mit der &#8230; <a title=\"Handgelenk und Finger\" class=\"read-more\" href=\"https:\/\/sanihaus.ch\/wiki\/gelenke\/handgelenk\/\" aria-label=\"Mehr Informationen \u00fcber Handgelenk und Finger\">Weiterlesen<\/a><\/p>\n","protected":false},"author":1,"featured_media":0,"parent":15,"menu_order":0,"comment_status":"closed","ping_status":"closed","template":"","meta":{"footnotes":""},"class_list":["post-420","page","type-page","status-publish"],"aioseo_notices":[],"_links":{"self":[{"href":"https:\/\/sanihaus.ch\/wiki\/wp-json\/wp\/v2\/pages\/420","targetHints":{"allow":["GET"]}}],"collection":[{"href":"https:\/\/sanihaus.ch\/wiki\/wp-json\/wp\/v2\/pages"}],"about":[{"href":"https:\/\/sanihaus.ch\/wiki\/wp-json\/wp\/v2\/types\/page"}],"author":[{"embeddable":true,"href":"https:\/\/sanihaus.ch\/wiki\/wp-json\/wp\/v2\/users\/1"}],"replies":[{"embeddable":true,"href":"https:\/\/sanihaus.ch\/wiki\/wp-json\/wp\/v2\/comments?post=420"}],"version-history":[{"count":0,"href":"https:\/\/sanihaus.ch\/wiki\/wp-json\/wp\/v2\/pages\/420\/revisions"}],"up":[{"embeddable":true,"href":"https:\/\/sanihaus.ch\/wiki\/wp-json\/wp\/v2\/pages\/15"}],"wp:attachment":[{"href":"https:\/\/sanihaus.ch\/wiki\/wp-json\/wp\/v2\/media?parent=420"}],"curies":[{"name":"wp","href":"https:\/\/api.w.org\/{rel}","templated":true}]}}