{"id":160,"date":"2012-06-27T12:50:05","date_gmt":"2012-06-27T10:50:05","guid":{"rendered":"http:\/\/sanihaus.ch\/wiki\/?page_id=160"},"modified":"2020-12-05T23:40:08","modified_gmt":"2020-12-05T21:40:08","slug":"venenentzundung-phlebitis","status":"publish","type":"page","link":"https:\/\/sanihaus.ch\/wiki\/gefasse\/venen\/venenentzundung-phlebitis\/","title":{"rendered":"Venenentz\u00fcndung &#8211; Phlebitis"},"content":{"rendered":"\n<p>Es gibt verschiedene Entstehungsmechanismen f\u00fcr eine <strong>Entz\u00fcndung der oberfl\u00e4chlichen Venen<\/strong>. H\u00e4ufig liegt jedoch ein chronisches Krampfadernleiden als Ursache vor. Seltener entsteht eine Phlebitis nach einer Punktion (z.B. Spritze, Infusion) oder nach einer Verletzung. H\u00e4ufig geht eine Venenentz\u00fcndung auch mit der Bildung von kleinen Thromben einher: Die gesch\u00e4digte Venenwand setzt Faktoren frei, welche Bestandteile des Gerinnungssystem anhaften l\u00e4sst. Es l\u00e4sst sich ein verh\u00e4rteter Strang tasten, welcher \u00e4usserst schmerzhaft ist. \u00dcber dem Befund ist die Haut ger\u00f6tet.<\/p>\n\n\n\n<h4 class=\"wp-block-heading\">Bei Verdacht den Arzt aufsuchen<\/h4>\n\n\n\n<p>Eine oberfl\u00e4chliche Venenentz\u00fcndung ist meistens ungef\u00e4hrlich und heilt schnell wieder ab, die Schmerzen stehen im Vordergrund. Trotzdem sollte bei Verdacht ein Arzt aufgesucht werden, um eine Beteiligung des tiefen Systems auszuschliessen (Eine <a title=\"Thrombose\" href=\"\/wiki\/gefasse\/venen\/thrombose\/\">Thrombose<\/a> kann sich \u00fcber die Verbindungsvenen weiter in die Tiefe ausbreiten).<\/p>\n\n\n\n<h4 class=\"wp-block-heading\">Kompression als wichtigste Massnahme<\/h4>\n\n\n\n<p>Die oberfl\u00e4chliche Phlebitis wird mit Kompressionsmassnahmen behandelt. Initial sind Kurzzugbandagen angezeigt, nach Therapieerfolg ist das Tragen von <a title=\"Kompressionsstr\u00fcmpfe\" href=\"\/3-kompressionsstrumpfe\">Kompressionsstr\u00fcmpfen<\/a> empfohlen. Zur Schmerzlinderung k\u00f6nnen auch k\u00fchlende Wickel oder Verb\u00e4nde mit Heparinsalben hilfreich sein. Viel Bewegung f\u00f6rdert die Durchblutung und beschleunigt die Heilung. In seltenen F\u00e4llen l\u00f6st sich das Blutgerinnsel jedoch nicht auf und muss mit einem kleinen Schnitt entfernt werden. Besteht der Verdacht, dass sich der Befund ins tiefe System ausweitet, so m\u00fcssen gerinnungshemmende Medikamente eingesetzt werden, der Spezialist entscheidet, ob eine Operation n\u00f6tig ist.<\/p>\n\n\n\n<p>Bei Sanihaus finden Sie ein ansprechendes Sortiment an medizinischen Kompressionsstr\u00fcmpfen f\u00fcr alle Anwendungsbereiche. Zur Therapie von Venenentz\u00fcndungen empfehlen wir f\u00fcr Damen die <a title=\"VenoTrain micro\" href=\"\/schenkelstrumpfe\/42-venotrain-micro-ag.html\">VenoTrain micro AG<\/a> Klasse II und f\u00fcr Herren die <a title=\"Varisan Innova\" href=\"\/klasse-ii\/7-varisan-innova.html\">Varisan Fashion for men<\/a> Klasse II.<\/p>\n\n\n\n<p>Zur Prophylaxe und Rezidivprophylaxe sind je nach Venenverh\u00e4ltnissen Klasse I oder II Str\u00fcmpfe angezeigt.<\/p>\n\n\n\n<figure class=\"wp-block-image\"><a href=\"\/3-kompressionsstrumpfe\"><img loading=\"lazy\" decoding=\"async\" width=\"700\" height=\"260\" src=\"\/wiki\/wp-content\/uploads\/2012\/06\/Kompressionsstr\u00fcmpfe.jpg\" alt=\"Kompressionsstr\u00fcmpfe\" class=\"wp-image-2050\" srcset=\"https:\/\/sanihaus.ch\/wiki\/wp-content\/uploads\/2012\/06\/Kompressionsstr\u00fcmpfe.jpg 700w, https:\/\/sanihaus.ch\/wiki\/wp-content\/uploads\/2012\/06\/Kompressionsstr\u00fcmpfe-300x111.jpg 300w\" sizes=\"auto, (max-width: 700px) 100vw, 700px\" \/><\/a><\/figure>\n","protected":false},"excerpt":{"rendered":"<p>Es gibt verschiedene Entstehungsmechanismen f\u00fcr eine Entz\u00fcndung der oberfl\u00e4chlichen Venen. H\u00e4ufig liegt jedoch ein chronisches Krampfadernleiden als Ursache vor. Seltener entsteht eine Phlebitis nach einer Punktion (z.B. Spritze, Infusion) oder nach einer Verletzung. H\u00e4ufig geht eine Venenentz\u00fcndung auch mit der Bildung von kleinen Thromben einher: Die gesch\u00e4digte Venenwand setzt Faktoren frei, welche Bestandteile des Gerinnungssystem &#8230; <a title=\"Venenentz\u00fcndung &#8211; Phlebitis\" class=\"read-more\" href=\"https:\/\/sanihaus.ch\/wiki\/gefasse\/venen\/venenentzundung-phlebitis\/\" aria-label=\"Mehr Informationen \u00fcber Venenentz\u00fcndung &#8211; Phlebitis\">Weiterlesen<\/a><\/p>\n","protected":false},"author":1,"featured_media":0,"parent":25,"menu_order":0,"comment_status":"closed","ping_status":"closed","template":"","meta":{"footnotes":""},"class_list":["post-160","page","type-page","status-publish"],"aioseo_notices":[],"_links":{"self":[{"href":"https:\/\/sanihaus.ch\/wiki\/wp-json\/wp\/v2\/pages\/160","targetHints":{"allow":["GET"]}}],"collection":[{"href":"https:\/\/sanihaus.ch\/wiki\/wp-json\/wp\/v2\/pages"}],"about":[{"href":"https:\/\/sanihaus.ch\/wiki\/wp-json\/wp\/v2\/types\/page"}],"author":[{"embeddable":true,"href":"https:\/\/sanihaus.ch\/wiki\/wp-json\/wp\/v2\/users\/1"}],"replies":[{"embeddable":true,"href":"https:\/\/sanihaus.ch\/wiki\/wp-json\/wp\/v2\/comments?post=160"}],"version-history":[{"count":0,"href":"https:\/\/sanihaus.ch\/wiki\/wp-json\/wp\/v2\/pages\/160\/revisions"}],"up":[{"embeddable":true,"href":"https:\/\/sanihaus.ch\/wiki\/wp-json\/wp\/v2\/pages\/25"}],"wp:attachment":[{"href":"https:\/\/sanihaus.ch\/wiki\/wp-json\/wp\/v2\/media?parent=160"}],"curies":[{"name":"wp","href":"https:\/\/api.w.org\/{rel}","templated":true}]}}